prime factors of 123329549?
7, 163, 108089
List the prime factors of 6282607624.
2, 139, 5649827
What are the prime factors of 92276907?
3, 107, 157, 1831
List the prime factors of 52595796.
2, 3, 11, 37, 89
What are the prime factors of 38046304?
2, 1188947
List the prime factors of 96921588.
2, 3, 8076799
What are the prime factors of 1034011439?
823, 1256393
What are the prime factors of 247753227?
3, 82584409
What are the prime factors of 14492590?
2, 5, 7, 207037
What are the prime factors of 23024300?
2, 5, 13, 89, 199
List the prime factors of 1670051749.
149, 11208401
What are the prime factors of 55983246?
2, 3, 11, 191, 4441
What are the prime factors of 58300618?
2, 29150309
What are the prime factors of 61682366?
2, 23, 491, 2731
List the prime factors of 86473811.
71, 1217941
List the prime factors of 272788770.
2, 3, 5, 2129, 4271
What are the prime factors of 169933756?
2, 269, 157931
List the prime factors of 1408230775.
5, 7, 23, 349871
List the prime factors of 2902857069.
3, 7, 19, 151, 6883
List the prime factors of 682704358.
2, 7, 769, 9059
List the prime factors of 1382928626.
2, 29, 631, 1303
What are the prime factors of 166324397?
251, 662647
List the prime factors of 1413151118.
2, 3989, 177131
What are the prime factors of 127797569?
127797569
What are the prime factors of 1723057509?
3, 1187, 483869
What are the prime factors of 119412898?
2, 11, 271, 20029
List the prime factors of 87116358.
2, 3, 7, 2074199
List the prime factors of 1549150984.
2, 3137, 61729
What are the prime factors of 408369074?
2, 37, 5518501
What are the prime factors of 32689626?
2, 3, 431, 12641
List the prime factors of 2152802376.
2, 3, 37, 359, 2251
List the prime factors of 3629227925.
5, 145169117
What are the prime factors of 299724774?
2, 3, 49954129
What are the prime factors of 947759152?
2, 59234947
What are the prime factors of 411598016?
2, 17, 41, 9227
List the prime factors of 34869179.
34869179
List the prime factors of 335827982.
2, 7, 167, 239, 601
List the prime factors of 1487222.
2, 11, 67601
What are the prime factors of 5259438?
2, 3, 97397
What are the prime factors of 95470718?
2, 7, 71, 13721
What are the prime factors of 163117347?
3, 1759, 30911
What are the prime factors of 668917313?
668917313
What are the prime factors of 778843633?
29, 26856677
List the prime factors of 254721718.
2, 127360859
List the prime factors of 2362620730.
2, 5, 17, 83, 167443
What are the prime factors of 3292857134?
2, 7, 131, 256493
List the prime factors of 1662550.
2, 5, 41, 811
What are the prime factors of 229478978?
2, 114739489
What are the prime factors of 183377966?
2, 91688983
List the prime factors of 135060452.
2, 3467, 9739
What are the prime factors of 48736520?
2, 5, 7, 19, 9161
List the prime factors of 5016846.
2, 3, 811, 1031
List the prime factors of 45076961.
45076961
List the prime factors of 151097619.
3, 50365873
What are the prime factors of 28528861?
19, 89, 16871
List the prime factors of 3328178686.
2, 7, 33961007
What are the prime factors of 169055588?
2, 13, 3251069
List the prime factors of 2904484858.
2, 11, 132022039
What are the prime factors of 38748897?
3, 11, 391403
What are the prime factors of 93994356?
2, 3, 31, 37, 6829
List the prime factors of 135466577.
135466577
What are the prime factors of 289498096?
2, 569, 31799
List the prime factors of 155194893.
3, 7, 47, 17471
List the prime factors of 454280104.
2, 1471, 38603
What are the prime factors of 4996847591?
73, 1621, 42227
What are the prime factors of 2900383425?
3, 5, 1031, 12503
What are the prime factors of 30582420?
2, 3, 5, 11, 46337
List the prime factors of 21291339.
3, 7097113
List the prime factors of 65754372.
2, 3, 5479531
What are the prime factors of 42924777?
3, 7, 2044037
What are the prime factors of 29399946?
2, 3, 359, 13649
What are the prime factors of 453627417?
3, 419, 509, 709
What are the prime factors of 721055232?
2, 3, 167, 937
What are the prime factors of 71674673?
7, 10239239
What are the prime factors of 255800861?
337, 759053
What are the prime factors of 234035122?
2, 19, 1249, 4931
What are the prime factors of 271841740?
2, 5, 19, 715373
List the prime factors of 9519983.
11, 17, 50909
What are the prime factors of 480277685?
5, 113, 850049
List the prime factors of 49914893.
7, 47, 151717
List the prime factors of 1863413545.
5, 7, 53240387
List the prime factors of 270702236.
2, 7, 9667937
What are the prime factors of 665509076?
2, 941, 176809
List the prime factors of 227054847.
3, 75684949
What are the prime factors of 2340510705?
3, 5, 13, 23, 197, 883
What are the prime factors of 181089354?
2, 3, 30181559
List the prime factors of 114527456.
2, 761, 4703
What are the prime factors of 217724084?
2, 101, 538921
What are the prime factors of 439996629?
3, 146665543
List the prime factors of 36327003.
3, 307, 39443
What are the prime factors of 80399782?
2, 40199891
List the prime factors of 205602187.
7, 1361, 3083
What are the prime factors of 748045503?
3, 27705389
List the prime factors of 70617113.
7, 151, 66809
What are the prime factors of 55189126?
2, 37, 467, 1597
List the prime factors of 3462845922.
2, 3, 107, 1797947
What are the prime factors of 271516145?
5, 41, 631, 2099
List the prime factors of 4021314801.
3, 7, 79, 346277
List the prime factors of 290446383.
3, 233, 415517
List the prime factors of 140160772.
2, 83, 197, 2143
What are the prime factors of 376798641?
3, 3463, 36269
What are the prime factors of 1868184?
2, 3, 31
List the prime factors of 36010551.
3, 103, 116539
List the prime factors of 269116930.
2, 5, 26911693
List the prime factors of 51016888.
2, 13, 227, 2161
List the prime factors of 319462237.
5237, 61001
List the prime factors of 307604501.
337, 912773
List the prime factors of 741421673.
741421673
List the prime factors of 331264447.
331264447
What are the prime factors of 6273011?
6273011
List the prime factors of 6632156959.
9749, 680291
List the prime factors of 8164392.
2, 3, 340183
What are the prime factors of 278181345?
3, 5, 13, 211, 6761
What are the prime factors of 5512821228?
2, 3, 3467, 14723
List the prime factors of 48099.
3, 16033
List the prime factors of 55374012.
2, 3, 1538167
What are the prime factors of 4934464?
2, 77101
List the prime factors of 5975293347.
3, 47, 449, 10487
List the prime factors of 1020590831.
13, 6038999
What are the prime factors of 548047071?
3, 11, 13, 17, 37, 677
What are the prime factors of 905251620?
2, 3, 5, 7, 13, 37, 4481
What are the prime factors of 1818028447?
1818028447
What are the prime factors of 996405494?
2, 7, 23, 442061
What are the prime factors of 6981218?
2, 3490609
What are the prime factors of 29333816?
2, 3666727
List the prime factors of 465766288.
2, 13, 1193, 1877
What are the prime factors of 14237029?
31, 257, 1787
What are the prime factors of 1629932024?
2, 7, 19, 167, 9173
What are the prime factors of 1316033022?
2, 3, 2309, 94993
List the prime factors of 319496494.
2, 181, 882587
List the prime factors of 9443013.
3, 307, 10253
What are the prime factors of 263716080?
2, 3, 5, 439, 2503
List the prime factors of 1264962680.
2, 5, 67, 113, 4177
What are the prime factors of 942964386?
2, 3, 7, 13, 31, 55711
List the prime factors of 910309418.
2, 19, 23955511
What are the prime factors of 508325359?
508325359
List the prime factors of 2087352046.
2, 13, 19, 61, 113, 613
What are the prime factors of 19451755?
5, 3890351
List the prime factors of 1632802393.
1632802393
What are the prime factors of 225576653?
83, 2717791
List the prime factors of 190689497.
190689497
List the prime factors of 1650835465.
5, 23, 14355091
What are the prime factors of 78261353?
17, 61, 163, 463
List the prime factors of 66304868.
2, 7, 157, 15083
List the prime factors of 5590091275.
5, 31, 7213021
What are the prime factors of 889044775?
5, 67, 530773
What are the prime factors of 4655540457?
3, 17, 30428369
What are the prime factors of 2519657290?
2, 5, 251965729
List the prime factors of 512231192.
2, 11, 47, 271, 457
What are the prime factors of 900914792?
2, 19, 149, 39779
List the prime factors of 2508235291.
37, 89, 167, 4561
What are the prime factors of 8668410?
2, 3, 5, 288947